h(-2).
5
Let o(t) = -5*t + 1. Let m be o(-1). Suppose -2*u = m*u. Let k(l) = -l**3 + l**2 - l - 1. Calculate k(u).
-1
Let s(a) be the first derivative of 1/120*a**6 - 1/15*a**5 + 1/24*a**4 + 1/2*a**2 + 2 + 0*a - 1/3*a**3. Let r(o) be the second derivative of s(o). What is r(4)?
2
Let r = 22 + -17. Suppose r*m + 4*c = -2, -4*m - 4*c - 2 - 2 = 0. Let j(v) = -v + 2 + 0*v**2 + v**3 - v**m + 0*v**3. Calculate j(0).
2
Let o(s) be the second derivative of -7*s**4/12 + s**3/6 + 19*s - 3. Suppose -2 + 7 = 5*p. What is o(p)?
-6
Let q be ((-19)/(-114))/(6/468). Let b(x) = -x**2 + 11*x + 12. What is b(q)?
-14
Suppose 0 = 2*s + q - 3*q, s + 4*q + 5 = 0. Let c(u) = 3*u**2 + 927 - u**2 - 928. Let y(w) = w - 1. Let p(g) = s*c(g) + 2*y(g). Determine p(1).
-1
Let d(f) = 9*f**3 - 2*f**2 - f. Let c(h) = 2*h**2 + 4*h - 12. Let g be c(-4). Suppose k = g*k + 3. What is d(k)?
-10
Let x(v) = -4*v. Let r be -2*30/12 - (-7 + 0). Calculate x(r).
-8
Let l(s) = -s**3 - 3*s**2 - 1. Let d(h) = 2*h**3 + 7*h**2 + 1. Let y(a) = 2*d(a) + 5*l(a). What is y(-3)?
15
Let l(h) be the first derivative of h**3 + 2*h**2 + 5 + 1/12*h**4 - 2*h. Let f(y) be the first derivative of l(y). Give f(-6).
4
Suppose -4*d + 3*n + 1 = 0, -2*d + 4*n = 2*n. Let j(z) = -14*z**3 - z**2. Calculate j(d).
-15
Let x(n) = n**2 - 1. Let p be -10 + (-5 - (-2 + -1)). Let u = p + 14. Determine x(u).
3
Let g = -135 - -129. Let q(t) = -t**2 - 6*t + 7. Calculate q(g).
7
Let s(b) = -b**2 + 6*b - 3. Let n = -7 + 11. Let v = n - 0. What is s(v)?
5
Let w(n) = 20*n - 19*n + 2*n + 3*n**2 + 1. Determine w(-2).
7
Let i(p) = p**2 + 8*p + 6. Let m be 16/12*(-10 + 217/28). Calculate i(m).
-9
Let g(m) = -m - 7. Let f be 1*(-2 - (-30)/3). Give g(f).
-15
Let m(p) = 3*p - 5. Suppose 3*g + 5 - 11 = 0. What is m(g)?
1
Suppose 4*m = m - 2*m. Let t(b) = b**2 + 3*b - 2. Let j be t(-4). Let d(r) = j*r**2 + 4 - 9*r + m*r + 2*r. Determine d(4).
8
Let r(s) = -5*s - 56. Let g = 106 - 118. What is r(g)?
4
Let w = -16 + 9. Let r(s) be the first derivative of s**4/12 + s**3 - 9*s**2/2 + 5*s + 1. Let m(j) be the first derivative of r(j). What is m(w)?
-2
Let m(t) = 23*t - 26*t + 0*t**2 + 3*t**2 - 3. Let u(w) = -w - 1. Let n(z) = -m(z) + 5*u(z). Let p = -10 - -8. What is n(p)?
-10
Let a(c) = -2*c**2 - c + 1. Suppose 19*j = 15*j + 12. Let m be (10 - 13)/(j/2). Let y be (-392)/182 - m/13. What is a(y)?
-5
Let d(i) = -2*i**3 + 2*i**2 - 2*i - 3. Let f = -561 + 560. Determine d(f).
3
Let j(s) = s**3 + s + 24. Let m = -27 - -27. Give j(m).
24
Let i(o) = -o**3 + o**2 + 7*o - 4. Let z be i(3). Let q be 8 + z + (-2 - 0). Let b(t) = 3*t - 7. Give b(q).
8
Let t(z) = z**2 - 5*z + 4. Let i = -39 + 94. Let d = i + -47. What is t(d)?
28
Suppose 4*a + 0*z - 2*z - 34 = 0, -2*a = z - 19. Suppose a = -u + 3*u - o, 27 = u + 4*o. Let i(t) = -t**3 + 6*t**2 + 4*t. Give i(u).
-21
Let d = -3 - -5. Let r(z) = -z**3 - 4*z**2 + 3. Let u be r(-4). Let m(k) = 2*k + k**3 + k**3 - 3 - k**u - 2*k**2. Give m(d).
1
Let v(d) be the third derivative of -d**4/24 + 11*d**3/6 - 2*d**2. Let t(u) = 29*u**2 + 3*u - 2. Let x be t(1). Let k be (16/40)/(2/x). Determine v(k).
5
Let b(q) = 23*q. Suppose 275 = -5*c + 280. Determine b(c).
23
Let h(s) = -s**2 - 2*s - 1. Suppose 3*w - 6*w = 3*l - 6, l = w + 2. Let u be (0 - (-1)/l)/((-4)/16). Determine h(u).
-1
Let v(a) = -a**3 + 5*a**2 + 1. Suppose 3*j = -3*r + 333, -j = 3*j - 2*r - 462. Let z = j + -109. Calculate v(z).
1
Let a(s) = 6*s - 6. Suppose 0 = 21*i - 2 + 107. What is a(i)?
-36
Let w(m) = 0 + 8*m + 0 - 6 + m**2 - 8*m + 9*m. Determine w(-7).
-20
Let o(q) be the second derivative of -q**4/12 - q**3/2 + 3*q**2/2 - 10*q. Let u = 14 + -16. Let s be (u/(-5))/(4/(-40)). Calculate o(s).
-1
Let m(h) = 3*h - 14. Let x = -313 + 319. Determine m(x).
4
Let r(n) = 11*n + 6. Let f(p) = 12*p + 7. Let y(v) = 6*f(v) - 7*r(v). Calculate y(2).
-10
Let j(h) = -2*h**2 - 7*h - 14. Let r be j(-7). Let m = -55 - r. Let w(y) = -3*y - 2 - 4*y - y + y**2. What is w(m)?
-2
Let a(n) be the first derivative of n**6/120 - n**5/30 + n**4/8 - n**3/3 + 19*n**2/2 - 30. Let y(m) be the second derivative of a(m). Determine y(3).
16
Let c(n) = 4*n + 0*n - 6*n + 0*n. Let q(y) = y + 21. Let v be q(-9). Suppose 5*u + v - 2 = 0. Calculate c(u).
4
Let o(g) be the first derivative of g**4/4 - 7*g**3/3 + 9*g**2/2 - 2*g + 2. Suppose 3*z = 6 + 12. Give o(z).
16
Let q(p) = 17*p - 1. Let d(w) = -8*w. Let r(m) = m. Let j be r(-5). Let n(a) = j*d(a) - 2*q(a). Let b be n(-1). Let h(v) = -v**3 - 5*v**2 - v. Calculate h(b).
-12
Let b(a) = a - 1. Let g(j) = 2*j - 1. Let m(q) = -5*b(q) + 2*g(q). Let d(n) = -n + 10. Let s be d(5). Calculate m(s).
-2
Let x(p) be the first derivative of 0*p + 0*p**4 - 1/6*p**3 + 3 - 7/20*p**5 + 9/2*p**2. Let b(d) be the second derivative of x(d). Give b(1).
-22
Let p(b) = 5*b**3 - 23*b**2 + 18*b - 2. Let a(g) = 2*g**3 - 8*g**2 + 7*g - 1. Let w(s) = -8*a(s) + 3*p(s). Determine w(-4).
-6
Let p(c) = 2*c**3 - 2*c**2 + 1. Suppose 0 = 4*f - j - 7, -2*f - 2*j + 8 = 2*j. Let h be (-1)/2*1*(f + -4). Determine p(h).
1
Let q be -2*1*3/(-2). Let g(o) = -o - 15832*o**2 - 4 + 4*o**3 + 15830*o**2 - 3*o**3. Calculate g(q).
2
Let y be (-7 - (-7)/84) + 7. Let i(r) be the third derivative of 0*r + 1/60*r**5 + y*r**6 + 0*r**3 + 0*r**4 + r**2 + 0. Calculate i(-1).
-9
Let s(h) be the third derivative of h**7/2520 + h**6/80 + 7*h**5/120 + h**4/4 - 7*h**2. Let i(x) be the second derivative of s(x). Determine i(-8).
-1
Let x be (-6)/(-14) + 143/91. Suppose -x*g + 3*n = 12 - 1, 0 = 5*g - n - 5. Let j(o) = -8*o + 1. Calculate j(g).
-15
Let g(a) = -1717 + 2*a + 2*a - 3*a + 1733. What is g(-11)?
5
Let m(l) = -l**2 - 1. Let z(k) be the third derivative of 7*k**5/60 - k**4/8 + 4*k**3/3 + 12*k**2. Let d(v) = 5*m(v) + z(v). Give d(2).
5
Let g(t) = -2*t**3 + 3*t**2 - 2*t + 2. Let f(l) = l - 4. Let a be 1/2 + 22/4. Let m be f(a). Give g(m).
-6
Let s = 1 - -2. Let l = s - -3. Let w(m) = m**3 + 0 - 6*m**2 + 0*m**3 - 2 + m. Calculate w(l).
4
Suppose -2*d - 17 = -z, 4*d = z - 59 + 38. Let w(p) = p**2 - 10*p - 37. What is w(z)?
2
Let z(i) = 3*i + 1. Suppose -u + 3*u = 0. Suppose u*j = 2*j - 42. Suppose -2*q - 6 = 4*b, -4*q + j = 3*b - 6*b. What is z(b)?
-8
Let q(u) = -8 + 21*u**2 + 2 - 10*u**2 - 10*u**2 + 2*u. Calculate q(-8).
42
Let y = 72 + -60. Let b be ((-2)/6)/(y/(-72)). Let v(q) = q + 2. What is v(b)?
4
Suppose 4*y + 11 - 71 = 0. Suppose -y*w = -3*w + 96. Let n(r) = -r**2 - 10*r - 5. Determine n(w).
11
Let w(c) = -c + 3. Suppose -5*j - 5*l + 6*l = -18, 0 = -5*l + 10. Let r be (-4)/(-6)*(j - -2). What is w(r)?
-1
Let i(m) = 3*m**2 + m + 5*m**2 - 18 + 30 - 12. Let o be (-2)/(-6) + 2/(-6). Let p = -1 - o. Give i(p).
7
Let g = -15 - -11. Let q be (-18)/g + (-3)/6. Suppose 0 = 5*c + 2*z - 25, -q*z = 5*c - 13 - 12. Let i(d) = d**3 - 5*d**2 - 2*d + 7. Determine i(c).
-3
Suppose -4*n + 1 = -39. Let u = n + -8. Let x be 4/u*6/4. Let g(h) = -h**3 + 2*h**2 - h + 4. Determine g(x).
-8
Let j(s) = -s**2 + 10*s - 29. Let p = -813 + 820. Give j(p).
-8
Suppose 4*r - r - 26 = 4*n, 4*n = -r - 18. Let m(j) = r + 4*j**3 - 2*j**3 - 3*j**3 + j. Suppose 0 = -2*o - 2*u + 10, 0 = -4*o + 2*u + 1 + 1. Give m(o).
-4
Let u(n) = 2*n - 2. Suppose -5*z + 102 = 82. Suppose -z*k - 7*k = -22. What is u(k)?
2
Let p(q) = -4 + 2 + q + 0. Let u(c) = -c**2 + 3*c - 5. Let l be u(-2). Let y be (-3 + (-55)/l)*-3. Give p(y).
-4
Let s be ((-18)/4)/((-1)/(-2)). Let z = s + 20. Let v(c) = c**2 + c + 3. Let k(d) = 5*d**2 + 5*d + 16. Let y(q) = z*v(q) - 2*k(q). What is y(-2)?
3
Let u = 2091 - 2116. Let a(m) = -m**3 - 24*m**2 + 25*m + 5. Calculate a(u).
5
Suppose -7*l + 3*l = 8. Let z = -3 + l. Let v(h) be the second derivative of -h**5/20 - h**4/3 + 2*h**3/3 - 3*h**2/2 - 3*h. What is v(z)?
2
Let o(t) = t**3 + 2*t**2 + 8*t - 8. Suppose 3 = -p + 16. Let c(x) = 2*x**3 + 5*x**2 + 17*x - 17. Let u(b) = p*o(b) - 6*c(b). Calculate u(4).
6
Let q(u) = -3*u - 21. Let t be q(-8). Suppose b + 2 = t*o, -2*b + 2 = -b - o. Let n(y) = -3*y**2 - y**3 - 2 + 4*y**2 + 3*y**2. What is n(b)?
-2
Let l(p) = -11*p**2. Let w be ((-10)/(-4))/(-1)*18/(-15). Let g = 4 - w. Determine l(g).
-11
Let n(a) be the second derivative of -1/20*a**5 + 1/3*a**4 - 2*a**2 + 11*a + 1/6*a**3 + 0. Let w = -3 - -7. Determine n(w).
0
Let i(a) = 3*a**2 - 45*a + 20. Let l be i(17). Let